
What is the remainder when 195340 is divided by 194807?
533
Calculate the remainder when 343959 is divided by 366.
285
What is the remainder when 255819 is divided by 127875?
69
What is the remainder when 307180 is divided by 3792?
28
What is the remainder when 1202372 is divided by 316?
308
What is the remainder when 8036402 is divided by 3731?
3559
What is the remainder when 10647934 is divided by 4207?
17
What is the remainder when 36203951 is divided by 1361?
1351
What is the remainder when 3932456 is divided by 1951?
1191
What is the remainder when 1840 is divided by 393?
268
Calculate the remainder when 647532 is divided by 323716.
100
What is the remainder when 6389085 is divided by 11?
10
Calculate the remainder when 23423725 is divided by 536.
525
What is the remainder when 26734 is divided by 50?
34
What is the remainder when 86759 is divided by 40859?
5041
Calculate the remainder when 1101276 is divided by 2767.
10
Calculate the remainder when 1765851 is divided by 588614.
9
Calculate the remainder when 375535519 is divided by 3488.
3487
Calculate the remainder when 8054792 is divided by 87552.
8
Calculate the remainder when 3448262 is divided by 47.
13
What is the remainder when 34297 is divided by 1736?
1313
Calculate the remainder when 194635 is divided by 58.
45
What is the remainder when 417903 is divided by 19899?
24
What is the remainder when 12504381 is divided by 760?
101
Calculate the remainder when 247256 is divided by 443.
62
Calculate the remainder when 100862 is divided by 10036.
502
What is the remainder when 124790 is divided by 39971?
4877
Calculate the remainder when 695777793 is divided by 5747.
5744
What is the remainder when 2734302 is divided by 1248?
1182
Calculate the remainder when 533531597 is divided by 112.
109
What is the remainder when 2612602 is divided by 65315?
2
Calculate the remainder when 4798552 is divided by 1354.
1330
What is the remainder when 2033250 is divided by 5008?
2
Calculate the remainder when 138311 is divided by 46073.
92
What is the remainder when 2811958 is divided by 4550?
58
What is the remainder when 164445 is divided by 20518?
301
What is the remainder when 609714 is divided by 24388?
14
What is the remainder when 892399 is divided by 900?
499
Calculate the remainder when 4476651 is divided by 225.
51
Calculate the remainder when 62483319 is divided by 1444.
1439
Calculate the remainder when 551704 is divided by 136990.
3744
Calculate the remainder when 23346 is divided by 1463.
1401
Calculate the remainder when 31224496 is divided by 704.
688
What is the remainder when 841937 is divided by 4091?
3282
What is the remainder when 2683798 is divided by 63?
61
Calculate the remainder when 19253538 is divided by 190629.
9
Calculate the remainder when 1289594 is divided by 1289587.
7
Calculate the remainder when 747341 is divided by 4505.
4016
Calculate the remainder when 5595733 is divided by 2671.
2659
Calculate the remainder when 6178767 is divided by 1172.
1155
What is the remainder when 235147 is divided by 58769?
71
What is the remainder when 249365 is divided by 1889?
17
What is the remainder when 1541074 is divided by 1633?
1155
Calculate the remainder when 709380 is divided by 523.
192
What is the remainder when 98740456 is divided by 2298?
2290
What is the remainder when 319260 is divided by 381?
363
What is the remainder when 21032397 is divided by 466?
419
Calculate the remainder when 95747 is divided by 181.
179
What is the remainder when 8932802 is divided by 317?
59
What is the remainder when 137120 is divided by 4570?
20
Calculate the remainder when 16531068 is divided by 64.
60
Calculate the remainder when 258696 is divided by 7556.
1792
What is the remainder when 327816 is divided by 68?
56
What is the remainder when 1150057 is divided by 251?
226
What is the remainder when 5030438 is divided by 11?
6
Calculate the remainder when 3395099 is divided by 17.
12
Calculate the remainder when 9201037 is divided by 26288.
237
What is the remainder when 668553 is divided by 334202?
149
Calculate the remainder when 2516970 is divided by 43.
8
Calculate the remainder when 841819 is divided by 84180.
19
What is the remainder when 201087 is divided by 100096?
895
Calculate the remainder when 3807739 is divided by 444.
439
What is the remainder when 338692 is divided by 212?
128
Calculate the remainder when 1422302 is divided by 8151.
4028
Calculate the remainder when 28433598 is divided by 208.
206
What is the remainder when 4321198 is divided by 1300?
1298
What is the remainder when 33410 is divided by 16628?
154
What is the remainder when 327393 is divided by 40921?
25
What is the remainder when 949912 is divided by 353?
342
Calculate the remainder when 471580 is divided by 5614.
4
Calculate the remainder when 254436138 is divided by 580.
578
What is the remainder when 274301 is divided by 137129?
43
What is the remainder when 390995 is divided by 724?
35
Calculate the remainder when 14937490 is divided by 3.
1
Calculate the remainder when 114119149 is divided by 738.
733
What is the remainder when 398679 is divided by 256?
87
Calculate the remainder when 643660 is divided by 71514.
34
Calculate the remainder when 230323 is divided by 611.
587
What is the remainder when 11067 is divided by 861?
735
What is the remainder when 2897656 is divided by 13231?
67
What is the remainder when 6365000 is divided by 707141?
731
Calculate the remainder when 28150405 is divided by 4691734.
1
Calculate the remainder when 43797 is divided by 2609.
2053
Calculate the remainder when 8703546 is divided by 4838.
4822
What is the remainder when 779529589 is divided by 197?
195
What is the remainder when 4966198 is divided by 1386?
160
What is the remainder when 4555067 is divided by 1518355?
2
Calculate the remainder when 269196 is divided by 1320.
1236
Calculate the remainder when 23782980 is divided by 1618.
1616
What is the remainder when 2331646 is divided by 17?
11
What is the remainder when 12297505 is divided by 1039?
940
What is the remainder when 100043 is divided by 45?
8
What is the remainder when 27199562 is divided by 173?
156
Calculate the remainder when 16429214 is divided by 5476396.
26
Calculate the remainder when 26322958 is divided by 9628.
6
What is the remainder when 430272 is divided by 28628?
852
Calculate the remainder when 7132535 is divided by 713253.
5
Calculate the remainder when 176892617 is divided by 118.
115
What is the remainder when 1203531 is divided by 6?
3
Calculate the remainder when 10375339 is divided by 987.
982
What is the remainder when 800605 is divided by 53?
40
Calculate the remainder when 622832 is divided by 4900.
532
Calculate the remainder when 12402241 is divided by 28.
5
Calculate the remainder when 153119 is divided by 239.
159
Calculate the remainder when 276974 is divided by 275847.
1127
Calculate the remainder when 104663 is divided by 1380.
1163
Calculate the remainder when 63188 is divided by 7863.
284
What is the remainder when 8562949 is divided by 1461?
28
What is the remainder when 4215790 is divided by 1405258?
16
Calculate the remainder when 699698 is divided by 53819.
51
Calculate the remainder when 60823 is divided by 10813.
6758
What is the remainder when 1322765 is divided by 182?
171
Calculate the remainder when 27122193 is divided by 5455.
5388
What is the remainder when 8558461 is divided by 11?
10
What is the remainder when 4537831 is divided by 648261?
4
Calculate the remainder when 19020 is divided by 3643.
805
Calculate the remainder when 296303 is divided by 758.
683
What is the remainder when 11950288 is divided by 405?
358
Calculate the remainder when 74696 is divided by 7460.
96
What is the remainder when 43411301 is divided by 891?
890
Calculate the remainder when 43953179 is divided by 281.
2
Calculate the remainder when 22027 is divided by 899.
451
What is the remainder when 128322 is divided by 115?
97
What is the remainder when 240594 is divided by 9987?
906
Calculate the remainder when 422421 is divided by 140012.
2385
What is the remainder when 54562269 is divided by 52?
21
What is the remainder when 44524 is divided by 2098?
466
What is the remainder when 204443 is divided by 68142?
17
Calculate the remai